 q(2)?
-62
Let q(t) = -5*t**2 - 1. Let c be (-4)/(20/9)*-10. Suppose -3*k - 4*v = k - 64, -5*v - c = -2*k. Suppose 0 = 2*u - k*u - 12. Determine q(u).
-6
Let k(v) = -5*v**3 - v**2 - 10*v - 3. Let f(b) = 6*b**3 + 14*b + 1. Let y(n) = 4*f(n) + 5*k(n). Calculate y(-5).
-41
Let x(a) = -a**2 + a + 9. Let t(m) = m**3 + 47*m**2 - 4. Let u be t(-47). Determine x(u).
-11
Let y(i) = -13*i**3 - 20*i**2 + 16*i + 20. Let h(a) = 2*a**3 + a + 1. Let d be 4094/623 - 8/14. Let t(n) = d*h(n) + y(n). Determine t(-21).
5
Let t(q) be the second derivative of q**3/2 - 3*q**2/2 - 49*q. Suppose -2*o = -3*i + 30, -3*i + 5*o + 20 = -i. Let h be i/(-10) + 2*2. Calculate t(h).
6
Let a(w) = 6*w**2 + w - 88. Let o(d) = -25*d**2 - 5*d + 323. Let i(p) = -11*a(p) - 3*o(p). Calculate i(-2).
27
Let x(w) = -2*w + 2. Suppose -p + 5*d - 8 = 0, -2*p + 4*d - 1 - 3 = 0. Let o be -11 - -4 - (-3 - p). Give x(o).
6
Let h(l) = -10*l**2 - 13*l + 21. Let f = -27554 + 27556. Determine h(f).
-45
Let g(z) = z**2 - 4*z - 2. Let o = 37 + -3. Suppose -3*x + 4*x = -4*l + 4, l - 5*x = -20. Suppose -3*i + 2*i - 4*q = -17, 5*i + 3*q - o = l. Determine g(i).
3
Suppose -2*k + 118 = 3*d - 3*k, -3*d = 4*k - 98. Let o = d + -44. Let p(v) = v**3 + 5*v**2 - 5*v - 1. Calculate p(o).
-7
Let a(q) = -2*q + 2. Let x(z) = 7*z + 286. Let u(n) = 2*a(n) - x(n). Determine u(-26).
4
Let x(b) = -b**2 + 35*b + 692. Let q be x(49). Let p(a) = -2*a**3 + 14*a**2 - 10*a - 1. Determine p(q).
11
Let c(j) = -j**2 + 5*j - 1. Let i be c(4). Let l(k) = -12*k - 2 + 1 + 11*k + 0 + 0. Let v(n) = -2. Let o(m) = i*v(m) - 3*l(m). Give o(3).
6
Let o be ((-10)/6 - -1)/((-3)/27). Suppose -o = -2*c - c. Suppose -3*f - c*y = -0*y + 29, 2*f - 3*y = -2. Let z(l) = l**2 + 7*l + 5. Give z(f).
5
Let h(f) = -22*f - 1027. Let c be h(-47). Let k(l) = l**2 + 4*l - 5. Calculate k(c).
72
Let w(f) be the second derivative of f**5/20 + 7*f**4/3 + 26*f**3/3 - 3*f**2/2 + 7*f + 22. Determine w(-26).
-3
Suppose -3*n + 9 = -21. Let v = n + -8. Let f(l) = 4 - 2*l - 4 - v. Give f(3).
-8
Let i(s) be the second derivative of -s**5/20 + 5*s**4/3 - s**3/3 + 12*s**2 + 3*s. Give i(20).
-16
Suppose 10*r = 26*r + 10*r. Let x be 5 - (9 - 3)/2. Let a(p) = -3*p**2 + 0*p - p + 11 + 2*p**x - 3. Calculate a(r).
8
Suppose 4*u = 3*f - 16, -f = -0*u + u - 3. Let k be (-2)/8 + 9/f. Let r(b) = -k*b + b**2 - b**2 + b - 15*b**2. What is r(-1)?
-14
Let y(a) = a**3 + 13*a**2 + 6*a + 10. Suppose 26*v + 69 + 308 = 39. Give y(v).
-68
Let k(d) be the first derivative of d**2/2 - 15*d - 1267. Calculate k(13).
-2
Let b(g) = g + 11. Let d be b(-2). Let s(l) = 75 - 40 - 33 - d*l**2 + l. Give s(-1).
-8
Suppose 3*j - 2*d + 5*d = 105, 0 = -2*d - 8. Suppose -21 + j = -3*v. Let g(k) = k**2 + 6*k + 6. What is g(v)?
6
Let m(s) = -s**2 + s - 6. Let z be 145/4 - (-1)/(-4). Let o be (2/2)/(11 + 138/(-12)). Let b be (-12)/z + o/(-6). Calculate m(b).
-6
Let b = 552 - 548. Let l(q) = -4*q + b - 1 + q**2 + 0 + 4*q + q - q**3. Give l(3).
-12
Suppose p + 23 = 27. Let f(v) = -p + 2 - v**2 + 15*v + 23*v - 34*v. What is f(1)?
1
Let o(b) = b**3 - b**2 - 2*b + 3. Suppose 0 = -15*i - 5*i + 360. Suppose 3*f + 10 = m - 2, 0 = 5*f - m + i. Give o(f).
-27
Suppose 8*l - 18 = 462. Suppose -5*z - 7*z = l. Let b(u) = u**3 + 5*u**2 - u - 2. What is b(z)?
3
Let h(a) = a**3 + 5*a**2 - 2*a - 2. Suppose 12*n = -3*q + 11*n + 18, 0 = -4*q - n + 23. Suppose -q*u - 34 = -9. Determine h(u).
8
Let k(z) be the second derivative of z**4/12 + 3*z**3/2 + z**2/2 + 5127*z. Calculate k(-16).
113
Let w(o) = -5*o**2 - 2*o + 6. Let a(j) be the first derivative of 8*j**3/3 + 2*j**2 - 13*j - 139. Let p(i) = 3*a(i) + 5*w(i). Determine p(6).
-33
Let f(p) = -1052 + p + 2091 - 1044. Suppose o + 2*g = 9, 3*o - 4*g - 12 = -5. Give f(o).
0
Suppose -13 = -6*q + 35. Let r(i) = 8*i + 39*i**3 - 2*i - 22*i**3 + q*i**2 - 7 - 16*i**3. Determine r(-7).
0
Let c(d) = -2*d**2 - 3*d - 1. Suppose -1 + 13 = -3*r, 3*u - 3*r - 3 = 0. Let z be -9*(-4)/(-6) - u. Let b be (-1 - 1)/(-6 - -4 - z). Give c(b).
-3
Suppose -25*u - 3*q - 16 = 302, -54 = 2*u + 5*q. Let l(g) = g**3 + 9*g**2 - 30*g + 65. Calculate l(u).
-7
Let r(b) = b**2 - 17*b - 16. Let i be r(18). Let s(c) = 384*c + 8 + c**i + 1 + 0 + 393*c - 785*c. Determine s(6).
-3
Let h = -544 + 547. Let a(f) = h + f + f**3 + 4428*f**2 - 4421*f**2 - 2*f**3. Determine a(7).
10
Let g = -104 + 136. Let w be (g/(-12))/(6*(-1)/(-9)). Let l(d) = -d - 1. Determine l(w).
3
Let b be (-77)/(10 - -1) - ((5 - 2) + 2). Let j(d) = d**3 + 11*d**2 - 17*d + 11. What is j(b)?
71
Let a(h) = -3*h**2 - 8*h - 1. Suppose -6*q = -4*q - 2, 3*s + 4*q + 26 = 0. Let n(d) = 2*d**2 + 4*d. Let v(k) = s*n(k) - 6*a(k). What is v(6)?
-18
Let g(j) = -2*j + 2*j**2 + 3*j - 6*j - 1 + 51 - 46. Determine g(2).
2
Suppose 10*a + 200 = 60*a. Let o(w) = 3*w - a*w - 3 + 8*w - 4*w. Give o(3).
6
Let c = 213 - 209. Let l(p) = -p**2 - c + 6*p + 6*p + 0*p - 9*p. Calculate l(4).
-8
Let t(l) be the first derivative of l**3/3 - 44*l + 2416. What is t(7)?
5
Let o(v) = 1584 - 1586 - 672*v + 695*v. Give o(1).
21
Let o(h) = h**2 + 59*h + 717. Let a be o(-17). Let r(u) be the first derivative of -3/2*u**2 - 18 + 3*u - 1/3*u**a. Give r(-4).
-1
Let y(o) be the first derivative of -3*o**3/2 + 3*o**2/2 + 119*o + 54. Let s(p) be the first derivative of y(p). Let l = -3 - -5. Give s(l).
-15
Let f(r) = -r**2 - 4*r - 3. Suppose -5*w + 19 = 4*y - 5, 0 = -2*w + 3*y + 28. Suppose -w*n + 10*n - 4*k + 10 = 0, 5*k = -2*n - 1. What is f(n)?
0
Suppose 75 = -9*y + 11*y + 5*p, 15 = 3*p. Let l(r) = 5*r - 122. Calculate l(y).
3
Let c(f) = 2*f**2 + 5*f - 59. Let b(t) = t**2 + 4*t - 59. Let d(m) = -3*b(m) + 2*c(m). Let v(p) be the first derivative of d(p). Give v(-6).
-14
Let i(d) = -130*d - 23. Let m(f) = -344*f - 70. Let l(x) = -8*i(x) + 3*m(x). Determine l(0).
-26
Let r(u) = 236*u + 943. Let c(y) = -79*y - 316. Let g(i) = -11*c(i) - 4*r(i). Give g(-4).
4
Suppose -17 = 3*g + w, 0 = 4*g - 4*w + 6 + 6. Let b(v) be the second derivative of v**4/12 + v**3/2 - 7*v**2/2 - 25*v. Determine b(g).
3
Let d(u) = u - 15. Let b(o) be the second derivative of -o**3/3 + 29*o**2/2 - 166*o. Let c(q) = -3*b(q) - 5*d(q). Calculate c(10).
-2
Let n(i) = 30*i + 210. Let k(v) = -3*v - 21. Let h(p) = -39*k(p) - 4*n(p). Determine h(-7).
0
Let u(a) be the third derivative of a**5/60 - 5*a**4/8 - 37*a**3/3 - 11590*a**2 + 2. What is u(19)?
2
Let g be -22*((-20)/(-8) + -1). Let n be ((-14)/77)/(3/g). Let j(h) = h + 1 + 3*h - 2*h - 3*h. Give j(n).
-1
Let w = -168 - -171. Let c(u) = 5*u**2 - 2*u**w + u**2 - 2*u**2 + 4 + 472*u - 473*u. What is c(3)?
-17
Let k(v) = v**2 - 12*v + 10. Suppose 0 = 27*o + 648 + 7911. Let b = 325 + o. What is k(b)?
-22
Suppose -3*j - 21 = -3*i, -4*j - 14 = 26*i - 23*i. Let r(a) = 24*a - 38. Let b(y) = -5*y + 7. Let v(f) = -16*b(f) - 3*r(f). Give v(i).
18
Let k be 2*(69/(-2))/(-3). Let n(w) = -k + 10 - w - 5*w + 11. Give n(-4).
22
Let f = 15250 - 15258. Let z(d) = -3*d + d - d - 4. Determine z(f).
20
Suppose 2 + 1 = q. Let l(z) = -4*z**2 - 13*z + q*z**2 + 14*z - 7*z. Determine l(-6).
0
Suppose 5*g - 16 = 5*m - 6, 4*g + 2*m = -4. Suppose g = -10*s + 23*s - 8*s. Let b(k) = -k + 8. Calculate b(s).
8
Suppose -6*j = -1510 + 1516. Let v(w) = -3*w - 2. Let x(l) = 4*l - 1. Let k(d) = j*v(d) - x(d). Give k(6).
-3
Let q(o) = -7*o + 17*o + 6 - 7*o**2 - 4*o. Give q(-1).
-7
Let g(x) = x**3 - 2*x - 1. Let c = 66 - 64. Suppose 21 = -z + c*f + 11, -4*z = -f + 5. What is g(z)?
-1
Let h(b) = -2*b**2 - 3*b - 1 + 8*b + 3*b**2 + 6. Let l = 55 - 53. Suppose -1 = l*y + 9. What is h(y)?
5
Let q = -822 - -813. Let p(r) = -2*r**2 - 15*r - 15. Calculate p(q).
-42
Let d(x) be the first derivative of -x**4/4 - x**3 + 7*x**2/2 - 2*x + 85. Let s(j) = -4*j + 3. Let l = -2 + 4. Let g be s(l). Determine d(g).
13
Let q(f) be the third derivative of 54*f**2 + 0 + 1/60*f**5 + 0*f**3 - 5/12*f**4 + 0*f. Give q(10).
0
Let p(w) = 2*w**2 + 386*w - 136*w - 98*w - 111*w + 146. Calculate p(-16).
2
Let j(l) = -l**2 + 3*l - 2. Let n = -148 - -152. Suppose -n*m = -s - 5 - 8, 14 = 4*m - 2*s. Determine j(m).
-2
Let h(c) = 11*c - 172. Let w be 15 + (1 - (-6 + (-7)/(-7)) - 6). Give h(w).
-7
Suppose 0 = -4*s + 7 + 5. Let c(o) = -o**3 - o - 1. Let f(l) = 3*l**3 + 3*l**2 + 7*l + 2. Let g(t) = -4*c(t) - f(t). Calculate g(s).
-7
Let a = 46 + -46. Let h(